 21420.
2, 3, 5, 7, 17
List the prime factors of 5301.
3, 19, 31
List the prime factors of 6363.
3, 7, 101
List the prime factors of 152760.
2, 3, 5, 19, 67
List the prime factors of 4201.
4201
List the prime factors of 4534.
2, 2267
List the prime factors of 2377.
2377
List the prime factors of 1599.
3, 13, 41
What are the prime factors of 2545?
5, 509
What are the prime factors of 22652?
2, 7, 809
What are the prime factors of 16822?
2, 13, 647
What are the prime factors of 129?
3, 43
List the prime factors of 557.
557
List the prime factors of 2286.
2, 3, 127
List the prime factors of 4771.
13, 367
List the prime factors of 1441.
11, 131
List the prime factors of 3752.
2, 7, 67
List the prime factors of 16620.
2, 3, 5, 277
List the prime factors of 20078.
2, 10039
List the prime factors of 1375.
5, 11
List the prime factors of 3353.
7, 479
What are the prime factors of 58588?
2, 97, 151
List the prime factors of 100744.
2, 7, 257
What are the prime factors of 55846?
2, 7, 3989
List the prime factors of 4467.
3, 1489
What are the prime factors of 33914?
2, 31, 547
List the prime factors of 1477.
7, 211
List the prime factors of 2888.
2, 19
List the prime factors of 12196.
2, 3049
List the prime factors of 4623.
3, 23, 67
What are the prime factors of 2143?
2143
What are the prime factors of 9585?
3, 5, 71
What are the prime factors of 14314?
2, 17, 421
List the prime factors of 5960.
2, 5, 149
What are the prime factors of 43705?
5, 8741
What are the prime factors of 38718?
2, 3, 239
List the prime factors of 3761.
3761
List the prime factors of 29965.
5, 13, 461
List the prime factors of 125727.
3, 7, 5987
List the prime factors of 61291.
61291
What are the prime factors of 3990?
2, 3, 5, 7, 19
What are the prime factors of 69611?
151, 461
What are the prime factors of 642?
2, 3, 107
What are the prime factors of 34516?
2, 8629
List the prime factors of 2505.
3, 5, 167
What are the prime factors of 55825?
5, 7, 11, 29
What are the prime factors of 421?
421
List the prime factors of 1039.
1039
What are the prime factors of 42590?
2, 5, 4259
List the prime factors of 2391.
3, 797
List the prime factors of 5306.
2, 7, 379
What are the prime factors of 1453?
1453
What are the prime factors of 256?
2
What are the prime factors of 59938?
2, 23, 1303
List the prime factors of 4361.
7, 89
List the prime factors of 795.
3, 5, 53
What are the prime factors of 9329?
19, 491
List the prime factors of 21.
3, 7
List the prime factors of 16843.
16843
List the prime factors of 1301.
1301
What are the prime factors of 5393?
5393
List the prime factors of 772.
2, 193
List the prime factors of 114106.
2, 59, 967
List the prime factors of 524.
2, 131
What are the prime factors of 1678?
2, 839
What are the prime factors of 25119?
3, 2791
What are the prime factors of 37109?
43, 863
List the prime factors of 2595.
3, 5, 173
What are the prime factors of 14058?
2, 3, 11, 71
What are the prime factors of 6978?
2, 3, 1163
List the prime factors of 311.
311
List the prime factors of 91635.
3, 5, 41, 149
List the prime factors of 42263.
13, 3251
What are the prime factors of 3064?
2, 383
List the prime factors of 11292.
2, 3, 941
List the prime factors of 1112.
2, 139
What are the prime factors of 13587?
3, 7, 647
List the prime factors of 3.
3
What are the prime factors of 7734?
2, 3, 1289
What are the prime factors of 2891?
7, 59
List the prime factors of 56886.
2, 3, 19, 499
What are the prime factors of 1047?
3, 349
List the prime factors of 13460.
2, 5, 673
List the prime factors of 17880.
2, 3, 5, 149
What are the prime factors of 13680?
2, 3, 5, 19
What are the prime factors of 21316?
2, 73
List the prime factors of 791.
7, 113
What are the prime factors of 2873?
13, 17
List the prime factors of 1569.
3, 523
List the prime factors of 132587.
7, 13, 31, 47
List the prime factors of 6311.
6311
List the prime factors of 1430.
2, 5, 11, 13
What are the prime factors of 142?
2, 71
List the prime factors of 3750.
2, 3, 5
List the prime factors of 4771.
13, 367
List the prime factors of 1078.
2, 7, 11
List the prime factors of 4333.
7, 619
List the prime factors of 8157.
3, 2719
What are the prime factors of 181?
181
What are the prime factors of 4851?
3, 7, 11
List the prime factors of 544.
2, 17
What are the prime factors of 28938?
2, 3, 7, 13, 53
List the prime factors of 68450.
2, 5, 37
What are the prime factors of 1221?
3, 11, 37
What are the prime factors of 99688?
2, 17, 733
What are the prime factors of 1977?
3, 659
List the prime factors of 26682.
2, 3, 4447
What are the prime factors of 129178?
2, 7, 9227
What are the prime factors of 13615?
5, 7, 389
List the prime factors of 13275.
3, 5, 59
List the prime factors of 908.
2, 227
What are the prime factors of 44428?
2, 29, 383
List the prime factors of 470.
2, 5, 47
List the prime factors of 3088.
2, 193
What are the prime factors of 779?
19, 41
List the prime factors of 3414.
2, 3, 569
What are the prime factors of 28030?
2, 5, 2803
List the prime factors of 870.
2, 3, 5, 29
What are the prime factors of 3339?
3, 7, 53
List the prime factors of 1788.
2, 3, 149
List the prime factors of 1638.
2, 3, 7, 13
List the prime factors of 813.
3, 271
List the prime factors of 90149.
90149
List the prime factors of 10028.
2, 23, 109
List the prime factors of 11411.
11411
List the prime factors of 9848.
2, 1231
What are the prime factors of 7924?
2, 7, 283
List the prime factors of 3778.
2, 1889
List the prime factors of 2791.
2791
List the prime factors of 304.
2, 19
What are the prime factors of 15451?
15451
List the prime factors of 2109.
3, 19, 37
What are the prime factors of 3469?
3469
What are the prime factors of 865?
5, 173
List the prime factors of 1482.
2, 3, 13, 19
What are the prime factors of 68366?
2, 34183
What are the prime factors of 2297?
2297
What are the prime factors of 25549?
29, 881
List the prime factors of 39286.
2, 13, 1511
What are the prime factors of 1168?
2, 73
List the prime factors of 36848.
2, 7, 47
What are the prime factors of 24736?
2, 773
List the prime factors of 12665.
5, 17, 149
What are the prime factors of 2279?
43, 53
What are the prime factors of 24035?
5, 11, 19, 23
What are the prime factors of 19640?
2, 5, 491
What are the prime factors of 4450?
2, 5, 89
What are the prime factors of 43255?
5, 41, 211
What are the prime factors of 26639?
17, 1567
What are the prime factors of 51?
3, 17
What are the prime factors of 74687?
74687
List the prime factors of 10815.
3, 5, 7, 103
List the prime factors of 722.
2, 19
List the prime factors of 19193.
17, 1129
List the prime factors of 10057.
89, 113
What are the prime factors of 8380?
2, 5, 419
What are the prime factors of 200?
2, 5
List the prime factors of 126.
2, 3, 7
What are the prime factors of 31?
31
What are the prime factors of 130691?
11, 109
What are the prime factors of 107369?
19, 5651
List the prime factors of 102959.
149, 691
What are the prime factors of 669?
3, 223
What are the prime factors of 6572?
2, 31, 53
What are the prime factors of 31563?
3, 7, 167
What are the prime factors of 13283?
37, 359
What are the prime factors of 102605?
5, 20521
What are the prime factors of 348?
2, 3, 29
What are the prime factors of 1464?
2, 3, 61
List the prime factors of 5038.
2, 11, 229
List the prime factors of 1173.
3, 17, 23
What are the prime factors of 525?
3, 5, 7
List the prime factors of 26626.
2, 13313
List the prime factors of 54909.
3, 6101
What are the prime factors of 3699?
3, 137
What are the prime factors of 5118?
2, 3, 853
List the prime factors of 12093.
3, 29, 139
What are the prime factors of 1595?
5, 11, 29
What are the prime factors of 13472?
2, 421
List the prime factors of 28675.
5, 31, 37
What are the prime factors of 25540?
2, 5, 1277
What are the prime factors of 1172?
2, 293
List the prime factors of 49689.
3, 5521
What are the prime factors of 7226?
2, 3613
What are the prime factors of 757?
757
List the prime factors of 2153.
2153
What are the prime factors of 4050?
2, 3, 5
What are the prime factors of 1137?
3, 379
List the prime factors of 7186.
2, 3593
List the prime factors of 6314.
2, 7, 11, 41
List the prime factors of 47916.
2, 3, 11
List the prime factors of 207.
3, 23
What are th